{"id":2240,"date":"2020-06-09T15:15:51","date_gmt":"2020-06-09T13:15:51","guid":{"rendered":"http:\/\/szls.transistorgrab.de\/?page_id=2240"},"modified":"2020-06-09T16:23:07","modified_gmt":"2020-06-09T14:23:07","slug":"seen","status":"publish","type":"page","link":"http:\/\/szls.transistorgrab.de\/?page_id=2240","title":{"rendered":"Seen"},"content":{"rendered":"<h1>ein paar Seen in Kassel zusammengetragen<\/h1>\n<p>&nbsp;<\/p>\n<table>\n<tbody>\n<tr>\n<th>See<\/th>\n<th>Stadteil<\/th>\n<th>Adresse<\/th>\n<th>Vorteile<\/th>\n<\/tr>\n<p><!-- --------------------------------------- --><\/p>\n<tr>\n<td>B\u00fcrgersee<\/td>\n<td>Lohfelden<\/td>\n<td>Lange Str. 22, 34253 Lohfelden<\/td>\n<td>Spielplatz, Eiscaf\u00e9, Restaurants, Wahlebach, N\u00e4he IKEA<\/td>\n<\/tr>\n<p><!-- --------------------------------------- --><\/p>\n<tr>\n<td>\u00a0Erlenloch<\/td>\n<td>\u00a0Harleshausen<\/td>\n<td>\u00a051\u00b020&#8217;43.2&#8243;N 9\u00b024&#8217;26.8&#8243;E<\/td>\n<td>\u00a05 km zu Fu\u00df von zuhause entfernt, Mitten im Wald<\/td>\n<\/tr>\n<p><!-- --------------------------------------- --><\/p>\n<tr>\n<td>\u00a0B\u00fchl<\/td>\n<td>\u00a0Ahnatal<\/td>\n<td><\/td>\n<td>\u00a0Badesee, Campingplatz daneben, Minigolfanlage<\/td>\n<\/tr>\n<p><!-- --------------------------------------- --><\/p>\n<tr>\n<td>\u00a0Blauer See<\/td>\n<td>\u00a0Habichtswald<\/td>\n<td>\u00a051\u00b0 20\u2032 10\u2033 N, 9\u00b0 24\u2032 10\u2033 E<\/td>\n<td>\u00a0Mitten im Wald, K\u00fcnstlernekropole<\/td>\n<\/tr>\n<p><!-- --------------------------------------- --><\/p>\n<tr>\n<td>\u00a0Sch\u00f6nfelder M\u00e4rchenteich<\/td>\n<td>\u00a0Wehlheiden<\/td>\n<td>51\u00b017&#8217;49.4&#8243;N 9\u00b028&#8217;27.1&#8243;E<\/td>\n<td>\u00a0Seeb\u00fchne, Klangpfad, im Park Sch\u00f6nfeld, Botanischer Garten, 2 Spielpl\u00e4tze in der N\u00e4he, Schloss Sch\u00f6nfeld, Caf\u00e9 in der N\u00e4he<\/td>\n<\/tr>\n<p><!-- --------------------------------------- --><\/p>\n<tr>\n<td>\u00a0Hangartsteinsee<\/td>\n<td>\u00a0Ahnatal<\/td>\n<td><\/td>\n<td><\/td>\n<\/tr>\n<p><!-- --------------------------------------- --><\/p>\n<tr>\n<td>\u00a0Silbersee<\/td>\n<td>\u00a0D\u00f6rnberg<\/td>\n<td><\/td>\n<td>\u00a0Gasthaus daneben, Zeltplatz<\/td>\n<\/tr>\n<p><!-- --------------------------------------- --><\/p>\n<tr>\n<td>\u00a0H\u00f6llenlochsee<\/td>\n<td>\u00a0D\u00f6rnberg<\/td>\n<td><\/td>\n<td><\/td>\n<\/tr>\n<p><!-- --------------------------------------- --><\/p>\n<tr>\n<td>\u00a0Sichelbachbecken<\/td>\n<td>\u00a0Wilhelmsh\u00f6he<\/td>\n<td><\/td>\n<td><\/td>\n<\/tr>\n<p><!-- --------------------------------------- --><\/p>\n<tr>\n<td>\u00a0Ungl\u00fccksteich<\/td>\n<td>\u00a0Wilhelmsh\u00f6he<\/td>\n<td><\/td>\n<td>\u00a0N\u00e4he Herkules<\/td>\n<\/tr>\n<p><!-- --------------------------------------- --><\/p>\n<tr>\n<td>\u00a0Neptunbecken<\/td>\n<td>\u00a0Wilhelmsh\u00f6he<\/td>\n<td><\/td>\n<td>\u00a0Wasserspiele im Bergpark<\/td>\n<\/tr>\n<p><!-- --------------------------------------- --><\/p>\n<tr>\n<td>\u00a0Reservoir des neuen Wasserfalls<\/td>\n<td>\u00a0Wilhelmsh\u00f6he<\/td>\n<td><\/td>\n<td><\/td>\n<\/tr>\n<p><!-- --------------------------------------- --><\/p>\n<tr>\n<td>\u00a0Fontainenreservoir<\/td>\n<td>\u00a0Wilhelmsh\u00f6he<\/td>\n<td><\/td>\n<td><\/td>\n<\/tr>\n<p><!-- --------------------------------------- --><\/p>\n<tr>\n<td>\u00a0Tichelchen<\/td>\n<td>\u00a0Wilhelmsh\u00f6he<\/td>\n<td><\/td>\n<td><\/td>\n<\/tr>\n<p><!-- --------------------------------------- --><\/p>\n<tr>\n<td>\u00a0Fontainenteich<\/td>\n<td>\u00a0Wilhelmsh\u00f6he<\/td>\n<td><\/td>\n<td>\u00a0\u00a0Wasserspiele im Bergpark<\/td>\n<\/tr>\n<p><!-- --------------------------------------- --><\/p>\n<tr>\n<td>\u00a0H\u00f6llenteich<\/td>\n<td>Wilhelmsh\u00f6he<\/td>\n<td><\/td>\n<td>\u00a0\u00a0Wasserspiele im Bergpark<\/td>\n<\/tr>\n<p><!-- --------------------------------------- --><\/p>\n<tr>\n<td>\u00a0Steinh\u00f6fer Wasserfall<\/td>\n<td>\u00a0Wilhelmsh\u00f6he<\/td>\n<td><\/td>\n<td>\u00a0\u00a0Wasserspiele im Bergpark<\/td>\n<\/tr>\n<p><!-- --------------------------------------- --><\/p>\n<tr>\n<td>\u00a0Asch<\/td>\n<td>\u00a0Wilhelmsh\u00f6he<\/td>\n<td><\/td>\n<td>\u00a0N\u00e4he L\u00f6wenburg<\/td>\n<\/tr>\n<p><!-- --------------------------------------- --><\/p>\n<tr>\n<td>\u00a0Pfaffenteich<\/td>\n<td>\u00a0Wilhelmsh\u00f6he<\/td>\n<td><\/td>\n<td>N\u00e4he L\u00f6wenburg<\/td>\n<\/tr>\n<p><!-- --------------------------------------- --><\/p>\n<tr>\n<td>\u00a0Entenfang<\/td>\n<td>\u00a0Wilhelmsh\u00f6he<\/td>\n<td><\/td>\n<td>\u00a0N\u00e4he L\u00f6wenburg<\/td>\n<\/tr>\n<p><!-- --------------------------------------- --><\/p>\n<tr>\n<td>\u00a0Lac<\/td>\n<td>\u00a0Wilhelmsh\u00f6he<\/td>\n<td><\/td>\n<td>\u00a0N\u00e4he Schloss Wilhelmsh\u00f6he<\/td>\n<\/tr>\n<p><!-- --------------------------------------- --><\/p>\n<tr>\n<td>Bugasee<\/td>\n<td>\u00a0Waldau<\/td>\n<td>51\u00b017&#8217;26.1&#8243;N 9\u00b029&#8217;48.4&#8243;E<\/td>\n<td>\u00a0Badesee, Strandbar daneben, Messe Kassel daneben, Parkpl\u00e4tze, gro\u00dfartiger Spielplatz in der N\u00e4he<\/td>\n<\/tr>\n<p><!-- --------------------------------------- --><\/p>\n<tr>\n<td>\u00a0Sieben Teiche<\/td>\n<td><\/td>\n<td><\/td>\n<td><\/td>\n<\/tr>\n<p><!-- --------------------------------------- --><\/p>\n<tr>\n<td>\u00a0Leiselsee<\/td>\n<td>\u00a0Altenbauna<\/td>\n<td><\/td>\n<td><\/td>\n<\/tr>\n<p><!-- --------------------------------------- --><\/p>\n<tr>\n<td>\u00a0See im Stadtpark<\/td>\n<td>\u00a0Baunatal<\/td>\n<td>\u00a0s\u00fcdlich Aquapark<\/td>\n<td>\u00a0Spielplatz daneben, Aquapark daneben<\/td>\n<\/tr>\n<p><!-- --------------------------------------- --><\/p>\n<tr>\n<td>\u00a0Naturschutzgebiet Heisebachtal<\/td>\n<td>\u00a0Oberzwehren<\/td>\n<td>51\u00b016&#8217;32.3&#8243;N 9\u00b026&#8217;11.8&#8243;E<\/td>\n<td>Gruschdladen daneben<\/td>\n<\/tr>\n<p><!-- --------------------------------------- --><\/p>\n<tr>\n<td>\u00a0Naturerlebnisbad<\/td>\n<td>\u00a0Niestetal<\/td>\n<td><\/td>\n<td>\u00a0Badesee<\/td>\n<\/tr>\n<p><!-- --------------------------------------- --><\/p>\n<tr>\n<td>\u00a0Steinertsee<\/td>\n<td>\u00a0Kaufungen<\/td>\n<td><\/td>\n<td>\u00a0Spielplatz<\/td>\n<\/tr>\n<p><!-- --------------------------------------- --><\/p>\n<tr>\n<td>\u00a0See im Park Heiigenrode<\/td>\n<td>\u00a0Niestetal<\/td>\n<td>51\u00b018&#8217;12.6&#8243;N 9\u00b034&#8217;33.3&#8243;E<\/td>\n<td>\u00a0Spielplatz<\/td>\n<\/tr>\n<p><!-- --------------------------------------- --><\/p>\n<tr>\n<td>\u00a0Kiesteiche<\/td>\n<td>Waldau<\/td>\n<td>51\u00b016&#8217;52.7&#8243;N 9\u00b029&#8217;40.2&#8243;E<\/td>\n<td>\u00a0Naturschutzgebiet, neben Metro, N\u00e4he Messe<\/td>\n<\/tr>\n<p><!-- --------------------------------------- --><\/p>\n<tr>\n<td>\u00a0Aueteich<\/td>\n<td>\u00a0Kassel-Mitte?<\/td>\n<td>51\u00b017&#8217;56.8&#8243;N 9\u00b029&#8217;28.0&#8243;E<\/td>\n<td>\u00a0Karlsaue<\/td>\n<\/tr>\n<p><!-- --------------------------------------- --><\/p>\n<tr>\n<td>Brandteich<\/td>\n<td>Calden<\/td>\n<td>51\u00b023&#8217;28.8&#8243;N 9\u00b025&#8217;33.8&#8243;E<\/td>\n<td>\u00a0Schloss Wilhelmstal, Aussichtsturm<\/td>\n<\/tr>\n<p><!-- --------------------------------------- --><\/p>\n<tr>\n<td>Malerischer See an der Lindenallee<\/td>\n<td>Calden<\/td>\n<td>51\u00b023&#8217;30.8&#8243;N 9\u00b024&#8217;41.3&#8243;E<\/td>\n<td>Schloss Wilhelmstal<\/td>\n<\/tr>\n<p><!-- --------------------------------------- --><\/p>\n<tr>\n<td>See im Ahnepark<\/td>\n<td>\u00a0Vellmar<\/td>\n<td>51\u00b021&#8217;36.1&#8243;N 9\u00b027&#8217;44.9&#8243;E<\/td>\n<td>\u00a0Ahnepark, Restaurant, Spielplatz<\/td>\n<\/tr>\n<p><!-- --------------------------------------- --><\/p>\n<tr>\n<td><\/td>\n<td><\/td>\n<td><\/td>\n<td><\/td>\n<\/tr>\n<p><!-- --------------------------------------- --><\/tbody>\n<\/table>\n<p>Ihr seht, die Liste ist schlecht sortiert und nicht vollst\u00e4ndig, aber f\u00fcr jeden Verbesserungsvorschlag bin ich zu haben.<\/p>\n","protected":false},"excerpt":{"rendered":"<p>ein paar Seen in Kassel zusammengetragen &nbsp; See Stadteil Adresse Vorteile B\u00fcrgersee Lohfelden Lange Str. 22, 34253 Lohfelden Spielplatz, Eiscaf\u00e9, Restaurants, Wahlebach, N\u00e4he IKEA \u00a0Erlenloch \u00a0Harleshausen \u00a051\u00b020&#8217;43.2&#8243;N 9\u00b024&#8217;26.8&#8243;E \u00a05 km zu Fu\u00df von zuhause entfernt, Mitten im Wald \u00a0B\u00fchl \u00a0Ahnatal \u00a0Badesee, Campingplatz daneben, Minigolfanlage \u00a0Blauer See \u00a0Habichtswald \u00a051\u00b0 20\u2032 10\u2033 N, 9\u00b0 24\u2032 10\u2033 E [&hellip;]<\/p>\n","protected":false},"author":1,"featured_media":0,"parent":2238,"menu_order":0,"comment_status":"closed","ping_status":"closed","template":"","meta":{"footnotes":""},"_links":{"self":[{"href":"http:\/\/szls.transistorgrab.de\/index.php?rest_route=\/wp\/v2\/pages\/2240"}],"collection":[{"href":"http:\/\/szls.transistorgrab.de\/index.php?rest_route=\/wp\/v2\/pages"}],"about":[{"href":"http:\/\/szls.transistorgrab.de\/index.php?rest_route=\/wp\/v2\/types\/page"}],"author":[{"embeddable":true,"href":"http:\/\/szls.transistorgrab.de\/index.php?rest_route=\/wp\/v2\/users\/1"}],"replies":[{"embeddable":true,"href":"http:\/\/szls.transistorgrab.de\/index.php?rest_route=%2Fwp%2Fv2%2Fcomments&post=2240"}],"version-history":[{"count":9,"href":"http:\/\/szls.transistorgrab.de\/index.php?rest_route=\/wp\/v2\/pages\/2240\/revisions"}],"predecessor-version":[{"id":2249,"href":"http:\/\/szls.transistorgrab.de\/index.php?rest_route=\/wp\/v2\/pages\/2240\/revisions\/2249"}],"up":[{"embeddable":true,"href":"http:\/\/szls.transistorgrab.de\/index.php?rest_route=\/wp\/v2\/pages\/2238"}],"wp:attachment":[{"href":"http:\/\/szls.transistorgrab.de\/index.php?rest_route=%2Fwp%2Fv2%2Fmedia&parent=2240"}],"curies":[{"name":"wp","href":"https:\/\/api.w.org\/{rel}","templated":true}]}}